{"id":63,"date":"2020-09-15T12:40:28","date_gmt":"2020-09-15T10:40:28","guid":{"rendered":"https:\/\/modelleisenbahnreparatur.ch\/?page_id=63"},"modified":"2023-04-23T17:16:58","modified_gmt":"2023-04-23T15:16:58","slug":"kundenauftraege","status":"publish","type":"page","link":"https:\/\/modelleisenbahnreparatur.ch\/?page_id=63","title":{"rendered":"Kundenauftr\u00e4ge"},"content":{"rendered":"\n<h2 class=\"wp-block-heading has-text-align-center\">Referenzen:<\/h2>\n\n\n\n<div class=\"wp-block-media-text alignwide is-stacked-on-mobile\"><figure class=\"wp-block-media-text__media\"><a href=\"https:\/\/www.meclu1981.ch\/\"><img loading=\"lazy\" decoding=\"async\" width=\"396\" height=\"127\" src=\"https:\/\/modelleisenbahnreparatur.ch\/wp-content\/uploads\/2020\/09\/download.jpg\" alt=\"MECLU\" class=\"wp-image-348 size-full\" srcset=\"https:\/\/modelleisenbahnreparatur.ch\/wp-content\/uploads\/2020\/09\/download.jpg 396w, https:\/\/modelleisenbahnreparatur.ch\/wp-content\/uploads\/2020\/09\/download-300x96.jpg 300w\" sizes=\"auto, (max-width: 396px) 100vw, 396px\" \/><\/a><\/figure><div class=\"wp-block-media-text__content\">\n<h5 class=\"wp-block-heading has-text-align-left\"><strong>Modelleisenbahnclub Laufen und Umgebung<\/strong><\/h5>\n\n\n\n<h5 class=\"wp-block-heading has-text-align-left\"><strong>Lok Digitalisierung und Reparatur Spur H0<\/strong><\/h5>\n<\/div><\/div>\n\n\n\n<div class=\"wp-block-media-text alignwide is-stacked-on-mobile\"><figure class=\"wp-block-media-text__media\"><\/figure><div class=\"wp-block-media-text__content\">\n<h5 class=\"wp-block-heading has-text-align-left\"><strong>Modellbahn- Treff for Kids B\u00e4retswil<\/strong><\/h5>\n\n\n\n<h5 class=\"wp-block-heading has-text-align-left\"><strong>Lok Digitalisierung und Reparatur Spur H0<\/strong><\/h5>\n<\/div><\/div>\n\n\n\n<div class=\"wp-block-media-text alignwide is-stacked-on-mobile\"><figure class=\"wp-block-media-text__media\"><\/figure><div class=\"wp-block-media-text__content\">\n<h5 class=\"wp-block-heading has-text-align-left\"><strong>Modelleisenbahn Liebefeld<\/strong><\/h5>\n\n\n\n<h5 class=\"wp-block-heading has-text-align-left\"><strong>Lok Digitalisierung Spur 0<\/strong><\/h5>\n<\/div><\/div>\n\n\n\n<hr class=\"wp-block-separator has-css-opacity\"\/>\n\n\n\n<h4 class=\"wp-block-heading has-text-align-left\">Hier finden Sie diverse Fotos von Kundenauftr\u00e4gen. Daf\u00fcr einfach auf den passenden Button dr\u00fccken.<\/h4>\n\n\n\n<div class=\"wp-block-columns is-layout-flex wp-container-core-columns-is-layout-9d6595d7 wp-block-columns-is-layout-flex\">\n<div class=\"wp-block-column is-layout-flow wp-block-column-is-layout-flow\">\n<div class=\"wp-block-buttons is-layout-flex wp-block-buttons-is-layout-flex\">\n<div class=\"wp-block-button\"><a class=\"wp-block-button__link wp-element-button\" href=\"https:\/\/modelleisenbahnreparatur.ch\/?page_id=87\">Lokumbau<\/a><\/div>\n<\/div>\n\n\n\n<p><\/p>\n<\/div>\n\n\n\n<div class=\"wp-block-column is-layout-flow wp-block-column-is-layout-flow\">\n<div class=\"wp-block-buttons is-layout-flex wp-block-buttons-is-layout-flex\">\n<div class=\"wp-block-button\"><a class=\"wp-block-button__link wp-element-button\" href=\"https:\/\/modelleisenbahnreparatur.ch\/?page_id=84\">Anlagenbau<\/a><\/div>\n<\/div>\n<\/div>\n<\/div>\n","protected":false},"excerpt":{"rendered":"<p>Referenzen: Modelleisenbahnclub Laufen und Umgebung Lok Digitalisierung und Reparatur Spur H0 Modellbahn- Treff for Kids B\u00e4retswil Lok Digitalisierung und Reparatur Spur H0 Modelleisenbahn Liebefeld Lok Digitalisierung Spur 0 Hier finden Sie diverse Fotos von Kundenauftr\u00e4gen. Daf\u00fcr einfach auf den passenden Button dr\u00fccken.<\/p>\n","protected":false},"author":1,"featured_media":298,"parent":0,"menu_order":0,"comment_status":"closed","ping_status":"closed","template":"","meta":{"ngg_post_thumbnail":0,"footnotes":""},"class_list":["post-63","page","type-page","status-publish","has-post-thumbnail","hentry"],"_links":{"self":[{"href":"https:\/\/modelleisenbahnreparatur.ch\/index.php?rest_route=\/wp\/v2\/pages\/63","targetHints":{"allow":["GET"]}}],"collection":[{"href":"https:\/\/modelleisenbahnreparatur.ch\/index.php?rest_route=\/wp\/v2\/pages"}],"about":[{"href":"https:\/\/modelleisenbahnreparatur.ch\/index.php?rest_route=\/wp\/v2\/types\/page"}],"author":[{"embeddable":true,"href":"https:\/\/modelleisenbahnreparatur.ch\/index.php?rest_route=\/wp\/v2\/users\/1"}],"replies":[{"embeddable":true,"href":"https:\/\/modelleisenbahnreparatur.ch\/index.php?rest_route=%2Fwp%2Fv2%2Fcomments&post=63"}],"version-history":[{"count":82,"href":"https:\/\/modelleisenbahnreparatur.ch\/index.php?rest_route=\/wp\/v2\/pages\/63\/revisions"}],"predecessor-version":[{"id":547,"href":"https:\/\/modelleisenbahnreparatur.ch\/index.php?rest_route=\/wp\/v2\/pages\/63\/revisions\/547"}],"wp:featuredmedia":[{"embeddable":true,"href":"https:\/\/modelleisenbahnreparatur.ch\/index.php?rest_route=\/wp\/v2\/media\/298"}],"wp:attachment":[{"href":"https:\/\/modelleisenbahnreparatur.ch\/index.php?rest_route=%2Fwp%2Fv2%2Fmedia&parent=63"}],"curies":[{"name":"wp","href":"https:\/\/api.w.org\/{rel}","templated":true}]}}